
Is 59511437 a prime number?
True
Is 27790963 prime?
True
Is 2472133 composite?
True
Is 1023419087 prime?
True
Is 667579 a composite number?
True
Is 25899701 a composite number?
False
Is 65233703 prime?
False
Is 100320749 composite?
False
Is 9085019 a prime number?
True
Is 1936073 prime?
False
Is 402327883 composite?
True
Is 4190663 a composite number?
False
Is 1183817 prime?
False
Is 18287669 a composite number?
True
Is 35450483 prime?
True
Is 11008667 prime?
False
Is 291019007 a prime number?
False
Is 154401623 composite?
True
Is 1227407 a prime number?
True
Is 13172711 a prime number?
False
Is 3013519 a prime number?
True
Is 3190637 composite?
False
Is 10646773 a composite number?
True
Is 22693267 a composite number?
True
Is 34845739 composite?
False
Is 71678011 prime?
True
Is 5654695 a composite number?
True
Is 2732749 composite?
False
Is 68399665 a composite number?
True
Is 186740441 a prime number?
True
Is 897411 a prime number?
False
Is 1428383 a prime number?
False
Is 682411 a prime number?
True
Is 4811909 a composite number?
False
Is 4288979 prime?
True
Is 24792227 a prime number?
False
Is 157349 a prime number?
True
Is 3366739 prime?
True
Is 5510267 composite?
True
Is 160173947 a composite number?
False
Is 782371 a prime number?
True
Is 2888693 a prime number?
True
Is 47398093 a composite number?
True
Is 9336539 a composite number?
True
Is 10648857 a prime number?
False
Is 370372351 a composite number?
False
Is 2164273 a composite number?
False
Is 432902881 a composite number?
True
Is 704141 a composite number?
False
Is 1200649 a composite number?
True
Is 23175767 prime?
True
Is 6521467 composite?
True
Is 3842893 prime?
False
Is 8699057 a prime number?
False
Is 2924815 a prime number?
False
Is 24450523 composite?
True
Is 41064481 a composite number?
False
Is 2071367 a prime number?
True
Is 530483869 composite?
False
Is 17565547 a composite number?
False
Is 26939819 a prime number?
True
Is 55760473 a prime number?
True
Is 3014709 a composite number?
True
Is 133639945 composite?
True
Is 5922067 a prime number?
True
Is 192644873 a composite number?
False
Is 184583431 a composite number?
False
Is 3180791669 composite?
True
Is 1910549 composite?
True
Is 10001861 prime?
True
Is 64449323 prime?
False
Is 5389701 a composite number?
True
Is 20164577 composite?
False
Is 576443 a composite number?
True
Is 39521873 a composite number?
True
Is 74864183 prime?
False
Is 506353 prime?
False
Is 143722151 a prime number?
True
Is 54876667 composite?
True
Is 641818717 a composite number?
False
Is 64854331 a composite number?
False
Is 24890473 prime?
True
Is 121080461 a composite number?
True
Is 13601689 composite?
False
Is 1914931 a composite number?
True
Is 11088071 a composite number?
False
Is 17845819 a composite number?
False
Is 32110009 a composite number?
False
Is 751195 a composite number?
True
Is 138009677 prime?
False
Is 716063 prime?
True
Is 369961043 composite?
False
Is 3994931 prime?
True
Is 12825949 prime?
True
Is 12849169 prime?
False
Is 32571001 prime?
False
Is 1018771 a prime number?
False
Is 692743 composite?
False
Is 177455471 a composite number?
False
Is 611693 composite?
False
Is 3305683 a composite number?
True
Is 4893729 a prime number?
False
Is 47047661 composite?
False
Is 2621074 a composite number?
True
Is 7418555 composite?
True
Is 35900983 a composite number?
False
Is 34052339 a composite number?
False
Is 1587899 prime?
True
Is 27790453 prime?
False
Is 2856961 composite?
False
Is 17539127 composite?
True
Is 637669 composite?
False
Is 5744629 composite?
True
Is 117766673 a prime number?
False
Is 16125953 a composite number?
False
Is 5146711 a composite number?
False
Is 831783613 a composite number?
False
Is 11527423 composite?
True
Is 1952191 composite?
False
Is 171303079 composite?
False
Is 6236337 prime?
False
Is 11007233 a composite number?
False
Is 639776177 a composite number?
True
Is 9282173 composite?
False
Is 3175421 a composite number?
True
Is 3180167 a composite number?
False
Is 174227401 prime?
True
Is 16326229 a composite number?
False
Is 543062861 a prime number?
False
Is 133005227 a composite number?
True
Is 22361 a prime number?
False
Is 6821119 composite?
True
Is 6993737 composite?
False
Is 3645949 composite?
False
Is 69589811 a composite number?
False
Is 25931753 a composite number?
True
Is 2872391 prime?
True
Is 67547099 a prime number?
True
Is 22246019 a prime number?
True
Is 12489121 composite?
True
Is 99697 prime?
False
Is 21084821 composite?
True
Is 2786813 a composite number?
True
Is 315046507 a composite number?
False
Is 32266967 composite?
True
Is 38004347 a prime number?
False
Is 3975233 composite?
True
Is 29394647 prime?
True
Is 3906302 composite?
True
Is 670559 prime?
True
Is 2065909 composite?
True
Is 24433049 prime?
False
Is 59809889 composite?
False
Is 23854871 composite?
False
Is 180564233 a composite number?
False
Is 99350059 a prime number?
False
Is 20517157 prime?
True
Is 93733 a composite number?
True
Is 53008369 a composite number?
False
Is 6075629 prime?
False
Is 419233 composite?
True
Is 3739223 composite?
True
Is 1734919 a composite number?
True
Is 1123079 a prime number?
True
Is 32446279 prime?
True
Is 2399993 a composite number?
False
Is 152570177 a prime number?
True
Is 6738031 a composite number?
False
Is 2602673 prime?
True
Is 8856689 composite?
False
Is 16031679 a composite number?
True
Is 1049117 prime?
True
Is 3956261 a prime number?
True
Is 66815363 a prime number?
False
Is 836245 a composite number?
True
Is 400668227 prime?
False
Is 267353983 a composite number?
True
Is 51717977 a prime number?
False
Is 17734907 composite?
True
Is 3181901 composite?
False
Is 48210649 a composite number?
True
Is 10835347 composite?
True
Is 1126799201 prime?
False
Is 48219959 a composite number?
True
Is 13759961 prime?
True
Is 2743823 composite?
False
Is 6904097 a prime number?
True
Is 1017121 composite?
True
Is 13773479 a prime number?
True
Is 29137217 prime?
True
Is 2208127 prime?
True
Is 4820043 a composite number?
True
Is 10584787 composite?
False
Is 18315461 a prime number?
True
Is 439498 a prime number?
False
Is 6040477 prime?
True
Is 12569471 a prime number?
True
Is 1347377 a prime number?
True
Is 22567183 prime?
True
Is 21396989 prime?
False
Is 1127499 a prime number?
False
Is 505947239 a composite number?
True
Is 919223 prime?
True
Is 96305711 prime?
False
Is 5107997 composite?
False
Is 2676963 composite?
True
Is 14073 composite?
True
Is 3553873 a prime number?
False
Is 813989 a composite number?
True
Is 129361207 a prime number?
False
Is 1052533553 a composite number?
False
Is 2466017 composite?
True
Is 59309 prime?
False
Is 146606023 a prime number?
True
Is 37949533 prime?
True
Is 916177427 a composite number?
True
Is 10595093 prime?
True
Is 2708941 composite?
False
Is 4673465 prime?
False
Is 904369 composite?
False
Is 8323687 composite?
True
Is 6830069 a composite number?
True
Is 9817343 composite?
True
Is 7300649 a composite number?
False
Is 11240033 prime?
False
Is 8617013 a composite number?
True
Is 21564667 composite?
True
Is 1093073 a prime number?
False
Is 4330667 a composite number?
True
Is 105936518 prime?
False
Is 2071837 prime?
True
Is 35082298 composite?
True
Is 704741 composite?
True
Is 1694647 composite?
False
Is 12237479 a composite number?
False
Is 44543845 a prime number?
False
Is 88273837 composite?
True
Is 11287051 a composite number?
False
Is 1539071 composite?
True
Is 4504079 a prime number?
True
Is 3283729 a composite number?
True
Is 611394859 a prime number?
True
Is 30840101 composite?
False
Is 114544613 a prime number?
True
Is 54079979 a prime number?
True
Is 125611 composite?
True
Is 1044019 a prime number?
True
Is 192038062 prime?
False
Is 928709929 prime?
False
Is 33844046 prime?
False
Is 151604233 a prime number?
False
Is 493837 a composite number?
True
Is 796234429 a prime number?
False
Is 16091519 composite?
False
Is 337197851 a prime number?
True
Is 267931 a composite number?
True
Is 31481941 prime?
False
Is 448219 prime?
False
Is 127409813 composite?
True
Is 8388023 a prime number?
False
Is 384999891 a prime number?
False
Is 281063071 a composite number?
False
Is 15296453 composite?
True
Is 2050327 a prime number?
True
Is 25638413 prime?
False
Is 246